{"id":4057,"date":"2018-11-07T10:25:34","date_gmt":"2018-11-07T10:25:34","guid":{"rendered":"https:\/\/exclusiveelitetravel.com\/wp-content\/uploads\/2018\/11\/Vacanta-de-iarna-la-ski-in-Val-dIse\u0300re.jpeg"},"modified":"2018-11-07T10:26:00","modified_gmt":"2018-11-07T10:26:00","slug":"vacanta-de-iarna-la-schi-in-val-disere","status":"inherit","type":"attachment","link":"https:\/\/exclusiveelitetravel.com\/ro\/vacanta-de-iarna-la-schi-in-val-disere\/","title":{"rendered":"Vacan\u021b\u0103 de iarn\u0103 la schi \u00een Val d\u2019Is\u00e8re"},"author":2,"featured_media":0,"comment_status":"closed","ping_status":"closed","template":"","meta":{"_expiration-date-status":"","_expiration-date":0,"_expiration-date-type":"","_expiration-date-categories":[],"_expiration-date-options":[]},"class_list":["post-4057","attachment","type-attachment","status-inherit","hentry"],"description":{"rendered":"<p class=\"attachment\"><a href='https:\/\/exclusiveelitetravel.com\/wp-content\/uploads\/2018\/11\/Vacanta-de-iarna-la-ski-in-Val-dIse\u0300re.jpeg'><img loading=\"lazy\" decoding=\"async\" width=\"300\" height=\"199\" src=\"https:\/\/exclusiveelitetravel.com\/wp-content\/uploads\/2018\/11\/Vacanta-de-iarna-la-ski-in-Val-dIse\u0300re-300x199.jpeg\" class=\"attachment-medium size-medium\" alt=\"Vacanta de iarna la ski in Val d&#039;Is\u00e8re\" srcset=\"https:\/\/exclusiveelitetravel.com\/wp-content\/uploads\/2018\/11\/Vacanta-de-iarna-la-ski-in-Val-dIse\u0300re-300x199.jpeg 300w, https:\/\/exclusiveelitetravel.com\/wp-content\/uploads\/2018\/11\/Vacanta-de-iarna-la-ski-in-Val-dIse\u0300re-555x368.jpeg 555w, https:\/\/exclusiveelitetravel.com\/wp-content\/uploads\/2018\/11\/Vacanta-de-iarna-la-ski-in-Val-dIse\u0300re.jpeg 687w\" sizes=\"auto, (max-width: 300px) 100vw, 300px\" \/><\/a><\/p>\n"},"caption":{"rendered":""},"alt_text":"Vacanta de iarna la ski in Val d'Is\u00e8re","media_type":"image","mime_type":"image\/jpeg","media_details":{"width":687,"height":456,"file":"2018\/11\/Vacanta-de-iarna-la-ski-in-Val-dIse\u0300re.jpeg","sizes":{"woocommerce_thumbnail":{"file":"Vacanta-de-iarna-la-ski-in-Val-dIse\u0300re-262x262.jpeg","width":262,"height":262,"uncropped":false,"mime_type":"image\/jpeg","source_url":"https:\/\/exclusiveelitetravel.com\/wp-content\/uploads\/2018\/11\/Vacanta-de-iarna-la-ski-in-Val-dIse\u0300re-262x262.jpeg"},"woocommerce_gallery_thumbnail":{"file":"Vacanta-de-iarna-la-ski-in-Val-dIse\u0300re-100x100.jpeg","width":100,"height":100,"mime_type":"image\/jpeg","source_url":"https:\/\/exclusiveelitetravel.com\/wp-content\/uploads\/2018\/11\/Vacanta-de-iarna-la-ski-in-Val-dIse\u0300re-100x100.jpeg"},"woocommerce_single":{"file":"Vacanta-de-iarna-la-ski-in-Val-dIse\u0300re-555x368.jpeg","width":555,"height":368,"mime_type":"image\/jpeg","source_url":"https:\/\/exclusiveelitetravel.com\/wp-content\/uploads\/2018\/11\/Vacanta-de-iarna-la-ski-in-Val-dIse\u0300re-555x368.jpeg"},"thumbnail":{"file":"Vacanta-de-iarna-la-ski-in-Val-dIse\u0300re-150x150.jpeg","width":150,"height":150,"mime_type":"image\/jpeg","source_url":"https:\/\/exclusiveelitetravel.com\/wp-content\/uploads\/2018\/11\/Vacanta-de-iarna-la-ski-in-Val-dIse\u0300re-150x150.jpeg"},"medium":{"file":"Vacanta-de-iarna-la-ski-in-Val-dIse\u0300re-300x199.jpeg","width":300,"height":199,"mime_type":"image\/jpeg","source_url":"https:\/\/exclusiveelitetravel.com\/wp-content\/uploads\/2018\/11\/Vacanta-de-iarna-la-ski-in-Val-dIse\u0300re-300x199.jpeg"},"product-search-thumbnail-32x32":{"file":"Vacanta-de-iarna-la-ski-in-Val-dIse\u0300re-32x32.jpeg","width":32,"height":32,"mime_type":"image\/jpeg","source_url":"https:\/\/exclusiveelitetravel.com\/wp-content\/uploads\/2018\/11\/Vacanta-de-iarna-la-ski-in-Val-dIse\u0300re-32x32.jpeg"},"shop_catalog":{"file":"Vacanta-de-iarna-la-ski-in-Val-dIse\u0300re-262x262.jpeg","width":262,"height":262,"uncropped":false,"mime_type":"image\/jpeg","source_url":"https:\/\/exclusiveelitetravel.com\/wp-content\/uploads\/2018\/11\/Vacanta-de-iarna-la-ski-in-Val-dIse\u0300re-262x262.jpeg"},"shop_single":{"file":"Vacanta-de-iarna-la-ski-in-Val-dIse\u0300re-555x368.jpeg","width":555,"height":368,"mime_type":"image\/jpeg","source_url":"https:\/\/exclusiveelitetravel.com\/wp-content\/uploads\/2018\/11\/Vacanta-de-iarna-la-ski-in-Val-dIse\u0300re-555x368.jpeg"},"shop_thumbnail":{"file":"Vacanta-de-iarna-la-ski-in-Val-dIse\u0300re-100x100.jpeg","width":100,"height":100,"mime_type":"image\/jpeg","source_url":"https:\/\/exclusiveelitetravel.com\/wp-content\/uploads\/2018\/11\/Vacanta-de-iarna-la-ski-in-Val-dIse\u0300re-100x100.jpeg"},"full":{"file":"Vacanta-de-iarna-la-ski-in-Val-dIse\u0300re.jpeg","width":687,"height":456,"mime_type":"image\/jpeg","source_url":"https:\/\/exclusiveelitetravel.com\/wp-content\/uploads\/2018\/11\/Vacanta-de-iarna-la-ski-in-Val-dIse\u0300re.jpeg"}},"image_meta":{"aperture":"0","credit":"","camera":"","caption":"","created_timestamp":"0","copyright":"","focal_length":"0","iso":"0","shutter_speed":"0","title":"","orientation":"0","keywords":[]}},"post":null,"source_url":"https:\/\/exclusiveelitetravel.com\/wp-content\/uploads\/2018\/11\/Vacanta-de-iarna-la-ski-in-Val-dIse\u0300re.jpeg","_links":{"self":[{"href":"https:\/\/exclusiveelitetravel.com\/ro\/wp-json\/wp\/v2\/media\/4057","targetHints":{"allow":["GET"]}}],"collection":[{"href":"https:\/\/exclusiveelitetravel.com\/ro\/wp-json\/wp\/v2\/media"}],"about":[{"href":"https:\/\/exclusiveelitetravel.com\/ro\/wp-json\/wp\/v2\/types\/attachment"}],"author":[{"embeddable":true,"href":"https:\/\/exclusiveelitetravel.com\/ro\/wp-json\/wp\/v2\/users\/2"}],"replies":[{"embeddable":true,"href":"https:\/\/exclusiveelitetravel.com\/ro\/wp-json\/wp\/v2\/comments?post=4057"}]}}

Vacanță de iarnă la schi în Val d’Isère

<p class="attachment"><a href='https://exclusiveelitetravel.com/wp-content/uploads/2018/11/Vacanta-de-iarna-la-ski-in-Val-dIsère.jpeg'><img loading="lazy" decoding="async" width="300" height="199" src="https://exclusiveelitetravel.com/wp-content/uploads/2018/11/Vacanta-de-iarna-la-ski-in-Val-dIsère-300x199.jpeg" class="attachment-medium size-medium" alt="Vacanta de iarna la ski in Val d&#039;Isère" srcset="https://exclusiveelitetravel.com/wp-content/uploads/2018/11/Vacanta-de-iarna-la-ski-in-Val-dIsère-300x199.jpeg 300w, https://exclusiveelitetravel.com/wp-content/uploads/2018/11/Vacanta-de-iarna-la-ski-in-Val-dIsère-555x368.jpeg 555w, https://exclusiveelitetravel.com/wp-content/uploads/2018/11/Vacanta-de-iarna-la-ski-in-Val-dIsère.jpeg 687w" sizes="auto, (max-width: 300px) 100vw, 300px" /></a></p>

Vacanta de iarna la ski in Val d'Isère
